{"id":65,"date":"2025-04-16T19:27:43","date_gmt":"2025-04-16T17:27:43","guid":{"rendered":"http:\/\/bluelioncrossfit.fr\/index.php\/private-training-program\/"},"modified":"2025-08-25T19:43:07","modified_gmt":"2025-08-25T17:43:07","slug":"la-team","status":"publish","type":"page","link":"https:\/\/bluelioncrossfit.fr\/index.php\/la-team\/","title":{"rendered":"La team"},"content":{"rendered":"\t\t<div data-elementor-type=\"wp-page\" data-elementor-id=\"65\" class=\"elementor elementor-65\" data-elementor-post-type=\"page\">\n\t\t\t\t<div class=\"elementor-element elementor-element-766c411 e-flex e-con-boxed e-con e-parent\" data-id=\"766c411\" data-element_type=\"container\">\n\t\t\t\t\t<div class=\"e-con-inner\">\n\t\t\t\t<div class=\"elementor-element elementor-element-bdba438 elementor-widget elementor-widget-spacer\" data-id=\"bdba438\" data-element_type=\"widget\" data-widget_type=\"spacer.default\">\n\t\t\t\t<div class=\"elementor-widget-container\">\n\t\t\t\t\t\t\t<div class=\"elementor-spacer\">\n\t\t\t<div class=\"elementor-spacer-inner\"><\/div>\n\t\t<\/div>\n\t\t\t\t\t\t<\/div>\n\t\t\t\t<\/div>\n\t\t\t\t\t<\/div>\n\t\t\t\t<\/div>\n\t\t<div class=\"elementor-element elementor-element-940e2d5 e-flex e-con-boxed e-con e-parent\" data-id=\"940e2d5\" data-element_type=\"container\">\n\t\t\t\t\t<div class=\"e-con-inner\">\n\t\t\t\t<div class=\"elementor-element elementor-element-b76e145 elementor-widget-mobile__width-initial elementor-widget elementor-widget-heading\" data-id=\"b76e145\" data-element_type=\"widget\" data-widget_type=\"heading.default\">\n\t\t\t\t<div class=\"elementor-widget-container\">\n\t\t\t\t\t<h2 class=\"elementor-heading-title elementor-size-default\">Les coachs blue lion<\/h2>\t\t\t\t<\/div>\n\t\t\t\t<\/div>\n\t\t\t\t\t<\/div>\n\t\t\t\t<\/div>\n\t\t<div class=\"elementor-element elementor-element-7f153f1 e-flex e-con-boxed e-con e-parent\" data-id=\"7f153f1\" data-element_type=\"container\">\n\t\t\t\t\t<div class=\"e-con-inner\">\n\t\t\t\t<div class=\"elementor-element elementor-element-e7c0e48 elementor-widget elementor-widget-spacer\" data-id=\"e7c0e48\" data-element_type=\"widget\" data-widget_type=\"spacer.default\">\n\t\t\t\t<div class=\"elementor-widget-container\">\n\t\t\t\t\t\t\t<div class=\"elementor-spacer\">\n\t\t\t<div class=\"elementor-spacer-inner\"><\/div>\n\t\t<\/div>\n\t\t\t\t\t\t<\/div>\n\t\t\t\t<\/div>\n\t\t\t\t\t<\/div>\n\t\t\t\t<\/div>\n\t\t<div class=\"elementor-element elementor-element-484785f e-flex e-con-boxed e-con e-parent\" data-id=\"484785f\" data-element_type=\"container\">\n\t\t\t\t\t<div class=\"e-con-inner\">\n\t\t\t\t<div class=\"elementor-element elementor-element-39966da elementor-widget__width-inherit elementor-widget elementor-widget-text-editor\" data-id=\"39966da\" data-element_type=\"widget\" data-widget_type=\"text-editor.default\">\n\t\t\t\t<div class=\"elementor-widget-container\">\n\t\t\t\t\t\t\t\t\t<p>Ici, on ne br\u00fble pas les \u00e9tapes. On apprend \u00e0 bouger correctement avec des explications claires.<\/p><p>R\u00e9sultat ? Tu progresses vite, en toute s\u00e9curit\u00e9 et tu te surprends \u00e0 faire des choses que tu n&rsquo;aurais m\u00eame pas imagin\u00e9es.<\/p>\t\t\t\t\t\t\t\t<\/div>\n\t\t\t\t<\/div>\n\t\t\t\t\t<\/div>\n\t\t\t\t<\/div>\n\t\t<div class=\"elementor-element elementor-element-0a9a733 e-flex e-con-boxed e-con e-parent\" data-id=\"0a9a733\" data-element_type=\"container\">\n\t\t\t\t\t<div class=\"e-con-inner\">\n\t\t\t\t<div class=\"elementor-element elementor-element-5b6d912 elementor-widget elementor-widget-spacer\" data-id=\"5b6d912\" data-element_type=\"widget\" data-widget_type=\"spacer.default\">\n\t\t\t\t<div class=\"elementor-widget-container\">\n\t\t\t\t\t\t\t<div class=\"elementor-spacer\">\n\t\t\t<div class=\"elementor-spacer-inner\"><\/div>\n\t\t<\/div>\n\t\t\t\t\t\t<\/div>\n\t\t\t\t<\/div>\n\t\t\t\t\t<\/div>\n\t\t\t\t<\/div>\n\t\t<div class=\"elementor-element elementor-element-f6a85ac e-con-full e-flex e-con e-child\" data-id=\"f6a85ac\" data-element_type=\"container\">\n\t\t\t\t<div class=\"elementor-element elementor-element-4f080f6 elementor-cta--skin-cover elementor-cta--valign-bottom elementor-widget__width-inherit elementor-widget-tablet__width-initial elementor-widget-mobile__width-inherit elementor-animated-content elementor-widget elementor-widget-call-to-action\" data-id=\"4f080f6\" data-element_type=\"widget\" data-widget_type=\"call-to-action.default\">\n\t\t\t\t<div class=\"elementor-widget-container\">\n\t\t\t\t\t\t\t<div class=\"elementor-cta\">\n\t\t\t\t\t<div class=\"elementor-cta__bg-wrapper\">\n\t\t\t\t<div class=\"elementor-cta__bg elementor-bg\" style=\"background-image: url(http:\/\/bluelioncrossfit.fr\/wp-content\/uploads\/2025\/07\/CoachBlueLion_DimitriGoblet-819x1024.png);\" role=\"img\" aria-label=\"CoachBlueLion_DimitriGoblet\"><\/div>\n\t\t\t\t<div class=\"elementor-cta__bg-overlay\"><\/div>\n\t\t\t<\/div>\n\t\t\t\t\t\t\t<div class=\"elementor-cta__content\">\n\t\t\t\t\n\t\t\t\t\t\t\t\t\t<h2 class=\"elementor-cta__title elementor-cta__content-item elementor-content-item elementor-animated-item--grow\">\n\t\t\t\t\t\tDimitri\t\t\t\t\t<\/h2>\n\t\t\t\t\n\t\t\t\t\t\t\t\t\t<div class=\"elementor-cta__description elementor-cta__content-item elementor-content-item elementor-animated-item--grow\">\n\t\t\t\t\t\tHead coach\t\t\t\t\t<\/div>\n\t\t\t\t\n\t\t\t\t\t\t\t<\/div>\n\t\t\t\t\t\t<\/div>\n\t\t\t\t\t\t<\/div>\n\t\t\t\t<\/div>\n\t\t\t\t<div class=\"elementor-element elementor-element-d128788 elementor-cta--skin-cover elementor-cta--valign-bottom elementor-widget__width-inherit elementor-widget-tablet__width-initial elementor-widget-mobile__width-inherit elementor-animated-content elementor-widget elementor-widget-call-to-action\" data-id=\"d128788\" data-element_type=\"widget\" data-widget_type=\"call-to-action.default\">\n\t\t\t\t<div class=\"elementor-widget-container\">\n\t\t\t\t\t\t\t<div class=\"elementor-cta\">\n\t\t\t\t\t<div class=\"elementor-cta__bg-wrapper\">\n\t\t\t\t<div class=\"elementor-cta__bg elementor-bg\" style=\"background-image: url(http:\/\/bluelioncrossfit.fr\/wp-content\/uploads\/2025\/08\/1000023077-819x1024.png);\" role=\"img\" aria-label=\"1000023077\"><\/div>\n\t\t\t\t<div class=\"elementor-cta__bg-overlay\"><\/div>\n\t\t\t<\/div>\n\t\t\t\t\t\t\t<div class=\"elementor-cta__content\">\n\t\t\t\t\n\t\t\t\t\t\t\t\t\t<h2 class=\"elementor-cta__title elementor-cta__content-item elementor-content-item elementor-animated-item--grow\">\n\t\t\t\t\t\tFlorian\t\t\t\t\t<\/h2>\n\t\t\t\t\n\t\t\t\t\t\t\t\t\t<div class=\"elementor-cta__description elementor-cta__content-item elementor-content-item elementor-animated-item--grow\">\n\t\t\t\t\t\tCoach\t\t\t\t\t<\/div>\n\t\t\t\t\n\t\t\t\t\t\t\t<\/div>\n\t\t\t\t\t\t<\/div>\n\t\t\t\t\t\t<\/div>\n\t\t\t\t<\/div>\n\t\t\t\t<div class=\"elementor-element elementor-element-ac0a617 elementor-cta--skin-cover elementor-cta--valign-bottom elementor-widget__width-inherit elementor-widget-tablet__width-initial elementor-widget-mobile__width-inherit elementor-animated-content elementor-widget elementor-widget-call-to-action\" data-id=\"ac0a617\" data-element_type=\"widget\" data-widget_type=\"call-to-action.default\">\n\t\t\t\t<div class=\"elementor-widget-container\">\n\t\t\t\t\t\t\t<div class=\"elementor-cta\">\n\t\t\t\t\t<div class=\"elementor-cta__bg-wrapper\">\n\t\t\t\t<div class=\"elementor-cta__bg elementor-bg\" style=\"background-image: url(http:\/\/bluelioncrossfit.fr\/wp-content\/uploads\/2025\/08\/BLUELIONCOACH3-819x1024.png);\" role=\"img\" aria-label=\"BLUELIONCOACH3\"><\/div>\n\t\t\t\t<div class=\"elementor-cta__bg-overlay\"><\/div>\n\t\t\t<\/div>\n\t\t\t\t\t\t\t<div class=\"elementor-cta__content\">\n\t\t\t\t\n\t\t\t\t\t\t\t\t\t<h2 class=\"elementor-cta__title elementor-cta__content-item elementor-content-item elementor-animated-item--grow\">\n\t\t\t\t\t\tAdam\t\t\t\t\t<\/h2>\n\t\t\t\t\n\t\t\t\t\t\t\t\t\t<div class=\"elementor-cta__description elementor-cta__content-item elementor-content-item elementor-animated-item--grow\">\n\t\t\t\t\t\tCoach\t\t\t\t\t<\/div>\n\t\t\t\t\n\t\t\t\t\t\t\t<\/div>\n\t\t\t\t\t\t<\/div>\n\t\t\t\t\t\t<\/div>\n\t\t\t\t<\/div>\n\t\t\t\t<\/div>\n\t\t<div class=\"elementor-element elementor-element-e261cfa e-flex e-con-boxed e-con e-parent\" data-id=\"e261cfa\" data-element_type=\"container\">\n\t\t\t\t\t<div class=\"e-con-inner\">\n\t\t\t\t<div class=\"elementor-element elementor-element-4f940d2 elementor-widget elementor-widget-spacer\" data-id=\"4f940d2\" data-element_type=\"widget\" data-widget_type=\"spacer.default\">\n\t\t\t\t<div class=\"elementor-widget-container\">\n\t\t\t\t\t\t\t<div class=\"elementor-spacer\">\n\t\t\t<div class=\"elementor-spacer-inner\"><\/div>\n\t\t<\/div>\n\t\t\t\t\t\t<\/div>\n\t\t\t\t<\/div>\n\t\t\t\t\t<\/div>\n\t\t\t\t<\/div>\n\t\t\t\t<\/div>\n\t\t","protected":false},"excerpt":{"rendered":"<p>Les coachs blue lion Ici, on ne br\u00fble pas les \u00e9tapes. On apprend \u00e0 bouger correctement avec des explications claires. R\u00e9sultat ? Tu progresses vite, en toute s\u00e9curit\u00e9 et tu te surprends \u00e0 faire des choses que tu n&rsquo;aurais m\u00eame pas imagin\u00e9es. Dimitri Head coach Florian Coach Adam Coach<\/p>\n","protected":false},"author":1,"featured_media":0,"parent":0,"menu_order":0,"comment_status":"closed","ping_status":"closed","template":"elementor_header_footer","meta":{"om_disable_all_campaigns":false,"_monsterinsights_skip_tracking":false,"_monsterinsights_sitenote_active":false,"_monsterinsights_sitenote_note":"","_monsterinsights_sitenote_category":0,"footnotes":""},"class_list":["post-65","page","type-page","status-publish","hentry"],"aioseo_notices":[],"yoast_head":"<!-- This site is optimized with the Yoast SEO plugin v26.2 - https:\/\/yoast.com\/wordpress\/plugins\/seo\/ -->\n<title>La team - Blue Lion<\/title>\n<meta name=\"description\" content=\"Blue Lion - Premi\u00e8re salle de CrossFit et d&#039;Hyrox \u00e0 Compi\u00e8gne.\" \/>\n<meta name=\"robots\" content=\"index, follow, max-snippet:-1, max-image-preview:large, max-video-preview:-1\" \/>\n<link rel=\"canonical\" href=\"https:\/\/bluelioncrossfit.fr\/index.php\/la-team\/\" \/>\n<meta property=\"og:locale\" content=\"fr_FR\" \/>\n<meta property=\"og:type\" content=\"article\" \/>\n<meta property=\"og:title\" content=\"La team - Blue Lion\" \/>\n<meta property=\"og:description\" content=\"Blue Lion - Premi\u00e8re salle de CrossFit et d&#039;Hyrox \u00e0 Compi\u00e8gne.\" \/>\n<meta property=\"og:url\" content=\"https:\/\/bluelioncrossfit.fr\/index.php\/la-team\/\" \/>\n<meta property=\"og:site_name\" content=\"Blue Lion\" \/>\n<meta property=\"article:modified_time\" content=\"2025-08-25T17:43:07+00:00\" \/>\n<meta name=\"twitter:card\" content=\"summary_large_image\" \/>\n<script type=\"application\/ld+json\" class=\"yoast-schema-graph\">{\"@context\":\"https:\/\/schema.org\",\"@graph\":[{\"@type\":\"WebPage\",\"@id\":\"https:\/\/bluelioncrossfit.fr\/index.php\/la-team\/\",\"url\":\"https:\/\/bluelioncrossfit.fr\/index.php\/la-team\/\",\"name\":\"La team - Blue Lion\",\"isPartOf\":{\"@id\":\"https:\/\/bluelioncrossfit.fr\/#website\"},\"datePublished\":\"2025-04-16T17:27:43+00:00\",\"dateModified\":\"2025-08-25T17:43:07+00:00\",\"description\":\"Blue Lion - Premi\u00e8re salle de CrossFit et d'Hyrox \u00e0 Compi\u00e8gne.\",\"breadcrumb\":{\"@id\":\"https:\/\/bluelioncrossfit.fr\/index.php\/la-team\/#breadcrumb\"},\"inLanguage\":\"fr-FR\",\"potentialAction\":[{\"@type\":\"ReadAction\",\"target\":[\"https:\/\/bluelioncrossfit.fr\/index.php\/la-team\/\"]}]},{\"@type\":\"BreadcrumbList\",\"@id\":\"https:\/\/bluelioncrossfit.fr\/index.php\/la-team\/#breadcrumb\",\"itemListElement\":[{\"@type\":\"ListItem\",\"position\":1,\"name\":\"Accueil\",\"item\":\"https:\/\/bluelioncrossfit.fr\/\"},{\"@type\":\"ListItem\",\"position\":2,\"name\":\"La team\"}]},{\"@type\":\"WebSite\",\"@id\":\"https:\/\/bluelioncrossfit.fr\/#website\",\"url\":\"https:\/\/bluelioncrossfit.fr\/\",\"name\":\"Blue Lion\",\"description\":\"CrossFit I HYROX Training Club\",\"publisher\":{\"@id\":\"https:\/\/bluelioncrossfit.fr\/#organization\"},\"potentialAction\":[{\"@type\":\"SearchAction\",\"target\":{\"@type\":\"EntryPoint\",\"urlTemplate\":\"https:\/\/bluelioncrossfit.fr\/?s={search_term_string}\"},\"query-input\":{\"@type\":\"PropertyValueSpecification\",\"valueRequired\":true,\"valueName\":\"search_term_string\"}}],\"inLanguage\":\"fr-FR\"},{\"@type\":\"Organization\",\"@id\":\"https:\/\/bluelioncrossfit.fr\/#organization\",\"name\":\"Blue Lion\",\"url\":\"https:\/\/bluelioncrossfit.fr\/\",\"logo\":{\"@type\":\"ImageObject\",\"inLanguage\":\"fr-FR\",\"@id\":\"https:\/\/bluelioncrossfit.fr\/#\/schema\/logo\/image\/\",\"url\":\"https:\/\/bluelioncrossfit.fr\/wp-content\/uploads\/2025\/04\/orignalnoirbleu-1-scaled.png\",\"contentUrl\":\"https:\/\/bluelioncrossfit.fr\/wp-content\/uploads\/2025\/04\/orignalnoirbleu-1-scaled.png\",\"width\":2348,\"height\":2560,\"caption\":\"Blue Lion\"},\"image\":{\"@id\":\"https:\/\/bluelioncrossfit.fr\/#\/schema\/logo\/image\/\"}}]}<\/script>\n<!-- \/ Yoast SEO plugin. -->","yoast_head_json":{"title":"La team - Blue Lion","description":"Blue Lion - Premi\u00e8re salle de CrossFit et d'Hyrox \u00e0 Compi\u00e8gne.","robots":{"index":"index","follow":"follow","max-snippet":"max-snippet:-1","max-image-preview":"max-image-preview:large","max-video-preview":"max-video-preview:-1"},"canonical":"https:\/\/bluelioncrossfit.fr\/index.php\/la-team\/","og_locale":"fr_FR","og_type":"article","og_title":"La team - Blue Lion","og_description":"Blue Lion - Premi\u00e8re salle de CrossFit et d'Hyrox \u00e0 Compi\u00e8gne.","og_url":"https:\/\/bluelioncrossfit.fr\/index.php\/la-team\/","og_site_name":"Blue Lion","article_modified_time":"2025-08-25T17:43:07+00:00","twitter_card":"summary_large_image","schema":{"@context":"https:\/\/schema.org","@graph":[{"@type":"WebPage","@id":"https:\/\/bluelioncrossfit.fr\/index.php\/la-team\/","url":"https:\/\/bluelioncrossfit.fr\/index.php\/la-team\/","name":"La team - Blue Lion","isPartOf":{"@id":"https:\/\/bluelioncrossfit.fr\/#website"},"datePublished":"2025-04-16T17:27:43+00:00","dateModified":"2025-08-25T17:43:07+00:00","description":"Blue Lion - Premi\u00e8re salle de CrossFit et d'Hyrox \u00e0 Compi\u00e8gne.","breadcrumb":{"@id":"https:\/\/bluelioncrossfit.fr\/index.php\/la-team\/#breadcrumb"},"inLanguage":"fr-FR","potentialAction":[{"@type":"ReadAction","target":["https:\/\/bluelioncrossfit.fr\/index.php\/la-team\/"]}]},{"@type":"BreadcrumbList","@id":"https:\/\/bluelioncrossfit.fr\/index.php\/la-team\/#breadcrumb","itemListElement":[{"@type":"ListItem","position":1,"name":"Accueil","item":"https:\/\/bluelioncrossfit.fr\/"},{"@type":"ListItem","position":2,"name":"La team"}]},{"@type":"WebSite","@id":"https:\/\/bluelioncrossfit.fr\/#website","url":"https:\/\/bluelioncrossfit.fr\/","name":"Blue Lion","description":"CrossFit I HYROX Training Club","publisher":{"@id":"https:\/\/bluelioncrossfit.fr\/#organization"},"potentialAction":[{"@type":"SearchAction","target":{"@type":"EntryPoint","urlTemplate":"https:\/\/bluelioncrossfit.fr\/?s={search_term_string}"},"query-input":{"@type":"PropertyValueSpecification","valueRequired":true,"valueName":"search_term_string"}}],"inLanguage":"fr-FR"},{"@type":"Organization","@id":"https:\/\/bluelioncrossfit.fr\/#organization","name":"Blue Lion","url":"https:\/\/bluelioncrossfit.fr\/","logo":{"@type":"ImageObject","inLanguage":"fr-FR","@id":"https:\/\/bluelioncrossfit.fr\/#\/schema\/logo\/image\/","url":"https:\/\/bluelioncrossfit.fr\/wp-content\/uploads\/2025\/04\/orignalnoirbleu-1-scaled.png","contentUrl":"https:\/\/bluelioncrossfit.fr\/wp-content\/uploads\/2025\/04\/orignalnoirbleu-1-scaled.png","width":2348,"height":2560,"caption":"Blue Lion"},"image":{"@id":"https:\/\/bluelioncrossfit.fr\/#\/schema\/logo\/image\/"}}]}},"_links":{"self":[{"href":"https:\/\/bluelioncrossfit.fr\/index.php\/wp-json\/wp\/v2\/pages\/65","targetHints":{"allow":["GET"]}}],"collection":[{"href":"https:\/\/bluelioncrossfit.fr\/index.php\/wp-json\/wp\/v2\/pages"}],"about":[{"href":"https:\/\/bluelioncrossfit.fr\/index.php\/wp-json\/wp\/v2\/types\/page"}],"author":[{"embeddable":true,"href":"https:\/\/bluelioncrossfit.fr\/index.php\/wp-json\/wp\/v2\/users\/1"}],"replies":[{"embeddable":true,"href":"https:\/\/bluelioncrossfit.fr\/index.php\/wp-json\/wp\/v2\/comments?post=65"}],"version-history":[{"count":59,"href":"https:\/\/bluelioncrossfit.fr\/index.php\/wp-json\/wp\/v2\/pages\/65\/revisions"}],"predecessor-version":[{"id":3700,"href":"https:\/\/bluelioncrossfit.fr\/index.php\/wp-json\/wp\/v2\/pages\/65\/revisions\/3700"}],"wp:attachment":[{"href":"https:\/\/bluelioncrossfit.fr\/index.php\/wp-json\/wp\/v2\/media?parent=65"}],"curies":[{"name":"wp","href":"https:\/\/api.w.org\/{rel}","templated":true}]}}